is the highest common divisor of 2045 and 13497?
409
Calculate the highest common factor of 204326 and 24338.
566
Calculate the greatest common factor of 13 and 1761305.
13
Calculate the greatest common factor of 78 and 381849.
39
Calculate the greatest common divisor of 2645 and 3985.
5
Calculate the greatest common divisor of 7200 and 81450.
450
Calculate the greatest common divisor of 1087460 and 440.
220
Calculate the greatest common factor of 333 and 17595.
9
What is the highest common divisor of 22 and 5269?
11
What is the highest common divisor of 324 and 344?
4
What is the greatest common factor of 212 and 91796?
212
What is the highest common divisor of 371 and 14?
7
What is the greatest common divisor of 205 and 995?
5
What is the greatest common factor of 130644 and 2124?
36
What is the greatest common factor of 261 and 132912?
9
What is the highest common divisor of 400 and 14473400?
200
Calculate the greatest common factor of 1043835 and 303.
303
What is the greatest common divisor of 6597 and 5?
1
Calculate the highest common factor of 17 and 59471.
1
What is the highest common factor of 50 and 620650?
50
What is the greatest common divisor of 56 and 613123?
7
Calculate the highest common divisor of 586892 and 248.
124
What is the greatest common divisor of 14326 and 290?
58
Calculate the highest common factor of 2666 and 266290.
62
Calculate the highest common divisor of 1474407 and 231.
33
Calculate the highest common factor of 40 and 1685.
5
What is the greatest common factor of 15 and 3805?
5
Calculate the greatest common divisor of 697 and 66691.
17
What is the highest common factor of 106 and 6265183?
53
Calculate the highest common divisor of 318 and 405768.
318
Calculate the highest common divisor of 102248 and 32.
8
What is the greatest common factor of 228248 and 22248?
824
Calculate the greatest common factor of 3129 and 840.
21
Calculate the greatest common factor of 213576 and 77.
11
What is the greatest common divisor of 2204 and 529511?
551
Calculate the highest common divisor of 158886 and 28.
14
What is the highest common divisor of 30108 and 780?
156
What is the highest common factor of 36 and 274284?
36
What is the highest common factor of 1090590 and 10?
10
What is the highest common divisor of 52 and 46072?
52
What is the greatest common factor of 203826 and 14?
14
Calculate the highest common factor of 36500 and 876.
292
What is the highest common factor of 10 and 52300?
10
What is the highest common divisor of 481 and 33163?
13
Calculate the highest common divisor of 13 and 40547.
13
What is the highest common divisor of 356240 and 12?
4
What is the greatest common divisor of 17072 and 22528?
176
Calculate the greatest common factor of 144 and 1185264.
144
What is the highest common divisor of 4100 and 6?
2
Calculate the highest common factor of 40342 and 276.
46
What is the greatest common factor of 24 and 2373832?
8
Calculate the greatest common divisor of 15 and 11.
1
What is the greatest common factor of 20 and 367?
1
What is the highest common factor of 124369 and 14?
7
What is the greatest common divisor of 3524101 and 266?
133
What is the highest common divisor of 64456 and 4?
4
Calculate the greatest common factor of 439 and 73.
1
What is the highest common divisor of 306 and 21522?
102
Calculate the greatest common factor of 27 and 96.
3
What is the highest common factor of 401920 and 2041?
157
What is the highest common factor of 528199 and 7?
7
Calculate the greatest common factor of 104 and 80824.
8
What is the greatest common divisor of 93392 and 1872?
208
What is the highest common factor of 2735 and 3282?
547
What is the highest common divisor of 451341 and 495?
99
What is the highest common divisor of 348 and 29508?
12
What is the highest common factor of 12 and 196704?
12
What is the highest common divisor of 447805 and 15?
5
Calculate the highest common divisor of 12 and 26756.
4
What is the greatest common divisor of 15 and 6528?
3
Calculate the greatest common divisor of 5148 and 1947.
33
Calculate the greatest common factor of 383 and 6263199.
383
What is the greatest common factor of 819 and 39?
39
Calculate the highest common divisor of 6993 and 185.
37
What is the highest common divisor of 55261 and 219?
73
Calculate the highest common divisor of 879939 and 9.
9
Calculate the greatest common factor of 280 and 70210.
70
Calculate the greatest common factor of 99443 and 1795.
359
Calculate the highest common divisor of 73788 and 1032.
516
What is the highest common divisor of 1534 and 30326?
118
Calculate the greatest common divisor of 5901 and 133.
7
Calculate the highest common factor of 40344 and 1968.
984
Calculate the highest common divisor of 9165 and 6.
3
What is the highest common divisor of 28339 and 13336?
1667
Calculate the greatest common factor of 551 and 323.
19
Calculate the greatest common factor of 103768 and 1190.
238
Calculate the greatest common divisor of 5952 and 12741.
93
Calculate the greatest common factor of 651 and 221557.
217
What is the greatest common factor of 70 and 130826?
2
What is the highest common divisor of 144 and 232320?
48
Calculate the highest common divisor of 16653 and 5538.
39
Calculate the highest common divisor of 17890 and 290.
10
What is the greatest common divisor of 5149 and 7859?
271
What is the greatest common factor of 5937332 and 1236?
412
Calculate the highest common divisor of 590 and 5781115.
295
What is the highest common factor of 100 and 31400?
100
What is the highest common divisor of 292640 and 708?
236
What is the highest common divisor of 8 and 12508?
4
Calculate the greatest common factor of 23916 and 1728.
12
Calculate the greatest common factor of 4076 and 436.
4
Calculate the highest common factor of 2 and 228769.
1
What is the greatest common divisor of 152432 and 224?
112
Calculate the highest common divisor of 123786 and 702.
234
Calculate the highest common factor of 45 and 1631700.
45
Calculate the greatest common divisor of 10948 and 739772.
1564
Calculate the highest common divisor of 25704 and 4488.
408
Calculate the greatest common divisor of 1720 and 8815.
215
What is the highest common factor of 69 and 17365?
23
Calculate the greatest common divisor of 8796 and 348.
12
Calculate the highest common divisor of 182 and 3934.
14
What is the greatest common factor of 576 and 6948?
36
Calculate the highest common divisor of 9 and 2592.
9
What is the highest common divisor of 132 and 7384476?
132
What is the greatest common factor of 480 and 26496?
96
Calculate the highest common divisor of 75276 and 287.
41
Calculate the highest common factor of 95 and 105697.
19
What is the highest common factor of 18611 and 37?
37
Calculate the highest common factor of 30583 and 119.
119
What is the highest common divisor of 120 and 870690?
30
Calculate the highest common factor of 630682 and 104.
26
Calculate the greatest common factor of 9490 and 20.
10
What is the greatest common divisor of 894 and 18?
6
What is the highest common factor of 25 and 15115?
5
What is the highest common divisor of 64380 and 666?
222
Calculate the greatest common factor of 179299 and 2703.
901
Calculate the greatest common divisor of 35 and 23779.
7
Calculate the highest common factor of 9160 and 39880.
40
What is the greatest common factor of 182896 and 7567?
161
What is the highest common divisor of 40 and 89020?
20
Calculate the greatest common divisor of 270 and 3470.
10
Calculate the greatest common divisor of 45605 and 35.
35
What is the greatest common divisor of 128006 and 986?
58
Calculate the highest common divisor of 418 and 3718.
22
Calculate the greatest common factor of 7938 and 23373.
441
What is the highest common factor of 291702 and 366?
366
What is the highest common factor of 1998 and 6179?
37
What is the greatest common factor of 13320 and 35631?
333
Calculate the highest common factor of 3031 and 59321.
433
Calculate the highest common factor of 117855 and 20079.
873
What is the highest common factor of 188507 and 22?
11
Calculate the greatest common divisor of 954 and 2049669.
477
What is the greatest common factor of 900 and 18756?
36
Calculate the greatest common factor of 1077 and 63.
3
What is the greatest common f